{"id":9824,"date":"2019-09-12T09:52:19","date_gmt":"2019-09-12T09:52:19","guid":{"rendered":"http:\/\/stbc.es\/?page_id=9824"},"modified":"2019-09-12T09:52:19","modified_gmt":"2019-09-12T09:52:19","slug":"actividades","status":"publish","type":"page","link":"https:\/\/edithstein.archimadrid.es\/?page_id=9824","title":{"rendered":"ACTIVIDADES"},"content":{"rendered":"<p>[vc_row css=\u00bb.vc_custom_1562427059149{margin-bottom: 0px !important;border-bottom-width: 0px !important;padding-bottom: 0px !important;}\u00bb][vc_column][blog_sc posts_per_page=\u00bb12&#8243; type=\u00bbtype6&#8243; category=\u00bbactividades\u00bb blog_navigation=\u00bbclassic_nav\u00bb][\/vc_column][\/vc_row][vc_row css=\u00bb.vc_custom_1562427456527{margin-top: 0px !important;border-top-width: 0px !important;padding-top: 0px !important;}\u00bb][vc_column][vc_custom_heading text=\u00bbDESC\u00c1RGATE NUESTRO CALENDARIO\u00bb font_container=\u00bbtag:h2|font_size:20|text_align:center|color:%232c3e50&#8243; google_fonts=\u00bbfont_family:Lato%3A100%2C100italic%2C300%2C300italic%2Cregular%2Citalic%2C700%2C700italic%2C900%2C900italic|font_style:900%20bold%20regular%3A900%3Anormal\u00bb css=\u00bb.vc_custom_1725946499960{margin-bottom: 0px !important;border-bottom-width: 0px !important;padding-bottom: 0px !important;}\u00bb el_class=\u00bbletterspacing-2-5&#8243;][vc_custom_heading text=\u00bbSi quieres tener en tu m\u00f3vil toda la informaci\u00f3n sobre las actividades de la parroquia en tu calendario haz click aqu\u00ed:\u00bb font_container=\u00bbtag:h4|font_size:15|text_align:center|color:%230a0a0a|line_height:30px\u00bb google_fonts=\u00bbfont_family:Lato%3A100%2C100italic%2C300%2C300italic%2Cregular%2Citalic%2C700%2C700italic%2C900%2C900italic|font_style:400%20regular%3A400%3Anormal\u00bb el_class=\u00bbletterspacing-1&#8243; css=\u00bb.vc_custom_1569234232660{margin-top: 0px !important;margin-bottom: 0px !important;border-top-width: 0px !important;border-bottom-width: 0px !important;padding-top: 0px !important;padding-bottom: 0px !important;}\u00bb][button type=\u00bbrd_stroke_bt\u00bb use_icon=\u00bbyes\u00bb icon_color=\u00bb#fcb614&#8243; t_color=\u00bb#fcb614&#8243; url=\u00bbhttps:\/\/calendar.google.com\/calendar\/embed?src=usgqn3ha8u2ov5ahb6iaiomi6o%40group.calendar.google.com&amp;ctz=Europe%2FMadrid\u00bb target=\u00bbyes\u00bb position=\u00bbta_center\u00bb icon=\u00bbln-calendar\u00bb]CALENDARIO STBC[\/button][vc_empty_space][rd_line color=\u00bb#eaeaea\u00bb line_pos=\u00bbcenter\u00bb][\/vc_column][\/vc_row][vc_row css=\u00bb.vc_custom_1562427456527{margin-top: 0px !important;border-top-width: 0px !important;padding-top: 0px !important;}\u00bb][vc_column][vc_column_text]<\/p>\n<p style=\"text-align: center;\"><span style=\"color: #000000;\">Para apuntarte a alguna de las actividades o para recibir informaci\u00f3n puedes mandar un mail a la Parroquia stbc.parroquia@gmail.com o llamar al tel\u00e9fono 91 376 34 79 en horario de despacho parroquial.<\/span><\/p>\n<p>[\/vc_column_text][vc_custom_heading text=\u00bbHORARIO DEL DESPACHO PARROQUIAL\u00bb font_container=\u00bbtag:h2|font_size:14|text_align:center\u00bb google_fonts=\u00bbfont_family:Lato%3A100%2C100italic%2C300%2C300italic%2Cregular%2Citalic%2C700%2C700italic%2C900%2C900italic|font_style:900%20bold%20regular%3A900%3Anormal\u00bb css=\u00bb.vc_custom_1550846361980{margin-bottom: 0px !important;}\u00bb][vc_column_text css=\u00bb.vc_custom_1550846370063{margin-bottom: 11px !important;}\u00bb]<\/p>\n<p style=\"text-align: center;\"><span style=\"color: #000000;\">Laborables: 10:30 a 13:30 \/ 17:30 a 20:00<\/span><br \/>\n<span style=\"color: #000000;\">S\u00e1bados: 10:30 a 12:30<\/span><\/p>\n<p>[\/vc_column_text][vc_empty_space][button t_color=\u00bb#ffffff\u00bb b_color=\u00bb#fcb614&#8243; b_hover_color=\u00bb#a1b1bc\u00bb url=\u00bbhttp:\/\/stbc.es\/contacto-2\/\u00bb position=\u00bbta_center\u00bb]CONTACTAR[\/button][\/vc_column][\/vc_row]<\/p>\n","protected":false},"excerpt":{"rendered":"<p>[vc_row css=\u00bb.vc_custom_1562427059149{margin-bottom: 0px !important;border-bottom-width: 0px !important;padding-bottom: 0px !important;}\u00bb][vc_column][blog_sc posts_per_page=\u00bb12&#8243; type=\u00bbtype6&#8243; category=\u00bbactividades\u00bb blog_navigation=\u00bbclassic_nav\u00bb][\/vc_column][\/vc_row][vc_row css=\u00bb.vc_custom_1562427456527{margin-top: 0px !important;border-top-width: 0px !important;padding-top: 0px !important;}\u00bb][vc_column][vc_custom_heading text=\u00bbDESC\u00c1RGATE NUESTRO CALENDARIO\u00bb font_container=\u00bbtag:h2|font_size:20|text_align:center|color:%232c3e50&#8243; google_fonts=\u00bbfont_family:Lato%3A100%2C100italic%2C300%2C300italic%2Cregular%2Citalic%2C700%2C700italic%2C900%2C900italic|font_style:900%20bold%20regular%3A900%3Anormal\u00bb css=\u00bb.vc_custom_1725946499960{margin-bottom: 0px !important;border-bottom-width: 0px !important;padding-bottom: 0px !important;}\u00bb el_class=\u00bbletterspacing-2-5&#8243;][vc_custom_heading text=\u00bbSi quieres tener en tu m\u00f3vil toda la informaci\u00f3n sobre las actividades de la parroquia en tu calendario haz click aqu\u00ed:\u00bb font_container=\u00bbtag:h4|font_size:15|text_align:center|color:%230a0a0a|line_height:30px\u00bb google_fonts=\u00bbfont_family:Lato%3A100%2C100italic%2C300%2C300italic%2Cregular%2Citalic%2C700%2C700italic%2C900%2C900italic|font_style:400%20regular%3A400%3Anormal\u00bb [&hellip;]<\/p>\n","protected":false},"author":5,"featured_media":0,"parent":0,"menu_order":3,"comment_status":"closed","ping_status":"closed","template":"","meta":{"footnotes":""},"class_list":["post-9824","page","type-page","status-publish","hentry"],"_links":{"self":[{"href":"https:\/\/edithstein.archimadrid.es\/index.php?rest_route=\/wp\/v2\/pages\/9824","targetHints":{"allow":["GET"]}}],"collection":[{"href":"https:\/\/edithstein.archimadrid.es\/index.php?rest_route=\/wp\/v2\/pages"}],"about":[{"href":"https:\/\/edithstein.archimadrid.es\/index.php?rest_route=\/wp\/v2\/types\/page"}],"author":[{"embeddable":true,"href":"https:\/\/edithstein.archimadrid.es\/index.php?rest_route=\/wp\/v2\/users\/5"}],"replies":[{"embeddable":true,"href":"https:\/\/edithstein.archimadrid.es\/index.php?rest_route=%2Fwp%2Fv2%2Fcomments&post=9824"}],"version-history":[{"count":0,"href":"https:\/\/edithstein.archimadrid.es\/index.php?rest_route=\/wp\/v2\/pages\/9824\/revisions"}],"wp:attachment":[{"href":"https:\/\/edithstein.archimadrid.es\/index.php?rest_route=%2Fwp%2Fv2%2Fmedia&parent=9824"}],"curies":[{"name":"wp","href":"https:\/\/api.w.org\/{rel}","templated":true}]}}